alse
Let k(m) = 13*m**2 + 371*m + 175. Is k(-84) composite?
True
Suppose 2*g + 36*z = 31*z + 147334, 3*z + 220959 = 3*g. Is g prime?
False
Let u(t) = -253*t**3 - 2*t - 1. Let c(i) = -4*i**2 + 20*i + 1. Let k be c(3). Let z = -26 + k. Is u(z) prime?
False
Suppose 2865492 - 6494905 = -76*f + 4413591. Is f composite?
False
Let h be 12/8 + (-3)/((-6)/719819). Suppose 108976 = -15*j + h. Is j a prime number?
True
Let l = -2387 + 1239. Let i = -535 - l. Is i a composite number?
False
Let j = 369 - 368. Let a(k) = 2479*k + 75. Is a(j) a composite number?
True
Let i = 60 + -58. Suppose -i*f = 8*f - 27600. Suppose 5*v - 835 - f = 0. Is v a composite number?
False
Let a = -27 + 45. Suppose -a*o + 59308 = -55046. Is o a prime number?
True
Is 449292569/242 + 60/440 a composite number?
False
Let u(t) = 4*t**2 - 18*t + 7. Let i(h) = h**2 + h - 1. Let v(b) = 3*i(b) + u(b). Let x be v(-11). Let f = 1803 - x. Is f composite?
False
Suppose -5713031 = 22*r - 50*r + 1128125. Is r prime?
False
Let f(b) = 47*b**3 - 25*b**2 + 84*b - 183. Is f(16) composite?
False
Suppose -b + 5*v + 22719 = b, -5*v - 15 = 0. Suppose 0 = m - i - b, 7*m + i = 3*m + 45403. Is m prime?
True
Let u = -12718 - -16071. Is u a prime number?
False
Suppose 47*r - 83*r + 205596 = 0. Is r composite?
False
Let z(u) = 61*u**2 - 855*u + 56. Let h be z(14). Suppose -7*o = -2*o - 1050. Is 24650/h - (-20)/o a prime number?
True
Let y(c) = 1104*c**2 + 16 - 3 - 297*c**2 + 4*c. Is y(4) a composite number?
False
Suppose 3*w = 4*p - 2*w - 6423, -2*w = -4*p + 6414. Let s(t) = -61*t**2 + 6*t - 9. Let o be s(4). Let d = o + p. Is d a prime number?
True
Suppose 95*u - 1226065 = 4835980. Is u composite?
True
Let u = 21 - 19. Suppose -3*k - 712 = -u*i - 5*k, -1448 = -4*i + 4*k. Is i a composite number?
False
Let k(u) = 2520*u + 11. Let j(h) = 5*h - 3. Let g be j(1). Is k(g) composite?
False
Let p(a) = 143*a**3 + 3*a**2 + 2*a + 3. Let d be p(-3). Let t = d + -4221. Is (-10)/4*t/85 composite?
True
Let m = 347783 + -237516. Is m a prime number?
False
Suppose 0 = -7*o + 4*o + 2271. Suppose 0 = 24*m + 41 - 161. Suppose -m*t = -6*t + o. Is t prime?
True
Suppose 5*t = 5*b + 977990, 5*t + 0*t - 4*b = 977993. Is t a composite number?
True
Is (-8 + 7)/(-4) + (-13449855)/(-20) a composite number?
False
Let d be (-1 + 0)/((-42)/(-42)). Let r(n) = 5979*n**2 - 5*n - 3. Is r(d) composite?
False
Suppose 20 = -3*q + 116. Let l be -2 + (-8)/(q/12). Is (3202/10)/(l/(-25)) a composite number?
False
Is ((-59)/354)/(2/(-18))*(-1149014)/(-3) composite?
False
Is (2434305/(16 + -1))/(-2 - -3) composite?
False
Let u(v) = -132*v + 88. Let i be u(-8). Let l = i + -231. Is l composite?
True
Suppose -207*p = -74*p - 1707853. Is p a composite number?
False
Is ((-299)/78)/((-4)/218046) - (-1)/4 a prime number?
True
Let x be 5*(-1 + -2)*(-5)/15. Suppose 4*o = -c + 6325, 0 = -x*o + c + 4*c + 7925. Suppose -6*p = -4*p - o. Is p prime?
False
Let u = -3 - -8. Suppose -u*i + 5*q + 7334 = 59, 5*q + 1471 = i. Suppose 2*j - i = 1671. Is j prime?
False
Let p(u) be the second derivative of -u**5/20 + 13*u**4/6 - u**3/6 - 43*u**2/2 + 19*u. Is p(25) prime?
True
Let g(u) = 6*u - 47. Let p be g(6). Let c = p - -2. Is (-14)/(-21) - (40917/c - 0) prime?
True
Suppose 3*d - 4*r - 66460 - 6299 = 0, -5*d + 2*r + 121279 = 0. Is d a prime number?
False
Let c(f) be the first derivative of -347*f**4/4 - f**3/3 - 3*f**2/2 - 2*f - 225. Let r be (-2)/(-1 + (0 - -3)). Is c(r) prime?
True
Suppose 3*v + 4 = 5*r - 8, -r = 2*v + 8. Suppose -72*y + 75*y - 10167 = r. Is y a composite number?
False
Let k = -87 - -1174. Let u = k + 852. Is u a composite number?
True
Is ((-665)/(-70) - 9)*(3178564*1)/2 prime?
True
Let s = -9 + 9. Suppose y = -s*y + 15110. Suppose 3*b - y = -5*o, o + 12066 = 5*o - 2*b. Is o prime?
True
Let k = 9891 + -13888. Let h = -48 - k. Is h prime?
False
Suppose -23*f = -172 - 196. Suppose f*z = 47*z - 226951. Is z a composite number?
False
Let h = 5105 + -22. Suppose -l + h = -1452. Is l composite?
True
Suppose u + i - 108793 = 0, 22*i = 4*u + 19*i - 435214. Is u prime?
True
Let u be (-3)/((-4)/6*(-36)/(-125544)). Suppose -u = -3*z + 4*c, z = -z - 3*c + 10445. Is z composite?
False
Let z be (1*(-24)/14)/((-2)/14). Suppose -3*m + z = -5*a, -a = -4*a + 3*m - 12. Is (a - -263) + 0/(-9) a composite number?
False
Suppose 0 = v + 8*v - 372700 - 356741. Is v a composite number?
False
Let t = 17 - 12. Suppose 5*g - 5*o + 4*o = 8844, -5*o - 8840 = -t*g. Suppose g = -9*x + 9932. Is x a prime number?
True
Let r = 3 + -11. Let a = 12 + r. Suppose 5*b + 2511 = 2*u, -a = 2*b + 2*b. Is u a composite number?
True
Let t = 59032 + 31347. Is t prime?
True
Let i(w) = -850*w - 23. Let g be i(-34). Suppose -8*l + 93157 = g. Is l a prime number?
False
Suppose -37*l - 5*j = -35*l - 227162, j = -5*l + 567951. Is l composite?
False
Let d(k) be the second derivative of k**5/20 - k**4 - k**3 + 3*k**2 - 16*k. Let a be d(12). Let o = a - -157. Is o prime?
False
Suppose 2*z = -0*z + 60. Let p = -10 + z. Suppose -p = -4*m, 426 = -4*w - m + 1027. Is w a composite number?
False
Let k(x) = -x - 2. Let t be k(6). Let h be 2/30 - 23883/(-855). Is t/h - 8222/(-14) a prime number?
True
Suppose 4*k = -k. Suppose k = -0*g + 5*g + 12830. Is ((-7)/(-14))/((-1)/g) a prime number?
True
Suppose -56*w = -284*w + 2920452. Is w a prime number?
True
Let x = 54 - 75. Is (45/x - (-2)/14) + 573 a prime number?
True
Suppose 450*b - 448*b = 584354. Is b composite?
True
Let o = 18292 + -12057. Suppose 8*h - o = -1827. Suppose -10*x - h = -11*x. Is x composite?
True
Suppose -6*o + 8*o - 208825 = 116689. Is o composite?
True
Is (-4)/38 - -4*(-57831336)/(-1824) prime?
True
Let j = 715985 - 342232. Is j a prime number?
True
Let n(j) = j**2 - 13*j + 30. Let r be n(10). Suppose r = 120*f - 119*f - 38017. Is f a prime number?
False
Suppose 4*o = -v + 84532 + 1049, 2*v + 3*o - 171167 = 0. Is v composite?
True
Let t = 54448 - 15941. Is t composite?
True
Let f = 3015 - -7145. Let x = 15141 - f. Is x a composite number?
True
Let n(c) = 1638*c**3 + c**2. Suppose r = -2*r + 15. Suppose -3 = -r*z + 2. Is n(z) a composite number?
True
Suppose -3*d = 11*d - 353710. Let w = d - -1534. Suppose -w = -7*k + 4*k. Is k a prime number?
True
Let k(u) = u**2 - 11*u - 26. Let w be k(13). Suppose w = 14*p - 1644 - 8030. Is p composite?
False
Let l(n) = 3*n**3 - 18*n**2 - 3*n - 7. Let t = 74 - 36. Suppose -8*b + 26 = -t. Is l(b) composite?
False
Let u be 574/28*(-18)/((-6)/2). Is 6 - u/21 - (-59562)/7 a composite number?
True
Let x be ((-1)/4*-2)/((-2)/(-8)). Let j be (0/x)/(-3 + 0 + 1). Suppose 2*m + 4*h - 193 = -43, j = m + 5*h - 81. Is m prime?
True
Is 147*(-4)/(-28) + 153038 a prime number?
True
Suppose -176 = 4*f + 4*a, -7*f + 3*f - 212 = -5*a. Let w = -46 - f. Suppose w*j = -2*j + 332. Is j a composite number?
False
Suppose 58*l - 84550 = 8*l. Is l a composite number?
True
Suppose -14*g - 2*g = 144. Is (-5 + g)*-1*(-1324)/(-8) a composite number?
True
Let r(t) = t**3 + 8*t**2 + 7*t - 4. Let h be r(-7). Suppose 3*k - 2*n + 41 = 5, 24 = -2*k + 2*n. Is (-9474)/h + 2 + k/8 a prime number?
False
Let o(w) = -10*w**3 + 7*w**2 + 7*w + 13. Let a(q) = 5*q**3 + q**2 + q. Let f be a(-1). Is o(f) a prime number?
False
Let p(z) = z**2 - 9*z + 8. Let b be p(8). Suppose -28*n + 16*n + 23076 = b. Is n a composite number?
True
Let t(w) = -2*w - 12. Let u(r) = -2*r**3 + 4*r**2 + 4*r - 1. Let c be u(3). Let o be t(c). Suppose -3*i + o*d = -3487, 3*i + d - 2027 = 1463. Is i prime?
True
Let m(c) = 3*c + 115. Let l be m(-10). Let r(i) = -i**3 + 5*i**2 - 5*i - 1. Let n be r(-7). Let t = n + l. Is t composite?
True
Suppose 5*n = -s + 68350, -42*s = n - 40*s - 13679. Is n composite?
False
Let n(p) = 48*p**2 + 2*p + 2. Let w be n(-3). Let x = -45 + 47. Suppose -u + 413 = -2*i, 3*i - w = u - x*u. Is u a prime number?
True
Suppose 0 = 5*k + 5*k + 15180. Let b = 3057 + k. Suppose b = 2*n - 191. Is n a prime number?
False
Let q = 59245 - 10558. Is q prime?
False
Suppose 12*p - 7*p = -100. Let t = p + 26. Suppose 5*m = -4*g + 1919, 5*g = -2*m + t*m + 2409. Is g a composite number?
True
Suppose -76*i + 298*i = 97*i + 37685875. Is i a prime number?
True
Let y = -139275 + 208742. Suppose -19*f + y = -342890. Is f prime?
False
Suppose -55*v = 6027046 + 15801904. Is v